{"id":481,"date":"2023-11-05T13:07:35","date_gmt":"2023-11-05T12:07:35","guid":{"rendered":"https:\/\/www.weinbau-birsak.at\/page\/?post_type=product&#038;p=481"},"modified":"2026-03-01T12:34:01","modified_gmt":"2026-03-01T11:34:01","slug":"weinviertel-dac-ried-koenigsberg-2022-gruener-veltliner","status":"publish","type":"product","link":"https:\/\/www.weinbau-birsak.at\/page\/produkt\/weinviertel-dac-ried-koenigsberg-2022-gruener-veltliner\/","title":{"rendered":"BIO Weinviertel DAC Reserve 2023 Gr\u00fcner Veltliner"},"content":{"rendered":"<p>Alk. 13,0 % | S\u00e4ure 5,3 \u2030 | 4,2 g \/ l Zucker\u00a0\u00a0\u00a0\u00a0\u00a0 trocken,<\/p>\n<p>Farbe: gl\u00e4nzendes Gelb mit Silberreflexen<\/p>\n<p>Duft: reifer Golden Delicious, getrocknete Feigen, Heublumen<\/p>\n<p>Gaumen: elegant-fruchtig, Kr\u00e4uternoten begleiten die vielschichtigen Aromen, feine Mineralik<\/p>\n<p>Passt zu: Geschmortes Schulterscherzl mit R\u00f6stkartoffeln, Steak mit Grillgem\u00fcse,<\/p>\n<p>Ingwer-Kr\u00e4uterrisotto mit glasiertem Saibling<\/p>\n","protected":false},"excerpt":{"rendered":"<p>Alk. 13,0 % | S\u00e4ure 5,3 \u2030 | 4,2 g \/ l Zucker\u00a0\u00a0\u00a0\u00a0\u00a0 trocken, Farbe: gl\u00e4nzendes Gelb mit Silberreflexen Duft: reifer Golden Delicious, getrocknete Feigen, Heublumen Gaumen: elegant-fruchtig, Kr\u00e4uternoten begleiten die vielschichtigen Aromen, feine Mineralik Passt zu: Geschmortes Schulterscherzl mit R\u00f6stkartoffeln, Steak mit Grillgem\u00fcse, Ingwer-Kr\u00e4uterrisotto mit glasiertem Saibling<\/p>\n","protected":false},"featured_media":803,"template":"","meta":{"_uag_custom_page_level_css":"","site-sidebar-layout":"default","site-content-layout":"","ast-site-content-layout":"default","site-content-style":"default","site-sidebar-style":"default","ast-global-header-display":"","ast-banner-title-visibility":"","ast-main-header-display":"","ast-hfb-above-header-display":"","ast-hfb-below-header-display":"","ast-hfb-mobile-header-display":"","site-post-title":"","ast-breadcrumbs-content":"","ast-featured-img":"","footer-sml-layout":"","ast-disable-related-posts":"","theme-transparent-header-meta":"default","adv-header-id-meta":"","stick-header-meta":"","header-above-stick-meta":"","header-main-stick-meta":"","header-below-stick-meta":"","astra-migrate-meta-layouts":"set","ast-page-background-enabled":"default","ast-page-background-meta":{"desktop":{"background-color":"var(--ast-global-color-4)","background-image":"","background-repeat":"repeat","background-position":"center center","background-size":"auto","background-attachment":"scroll","background-type":"","background-media":"","overlay-type":"","overlay-color":"","overlay-opacity":"","overlay-gradient":""},"tablet":{"background-color":"","background-image":"","background-repeat":"repeat","background-position":"center center","background-size":"auto","background-attachment":"scroll","background-type":"","background-media":"","overlay-type":"","overlay-color":"","overlay-opacity":"","overlay-gradient":""},"mobile":{"background-color":"","background-image":"","background-repeat":"repeat","background-position":"center center","background-size":"auto","background-attachment":"scroll","background-type":"","background-media":"","overlay-type":"","overlay-color":"","overlay-opacity":"","overlay-gradient":""}},"ast-content-background-meta":{"desktop":{"background-color":"var(--ast-global-color-5)","background-image":"","background-repeat":"repeat","background-position":"center center","background-size":"auto","background-attachment":"scroll","background-type":"","background-media":"","overlay-type":"","overlay-color":"","overlay-opacity":"","overlay-gradient":""},"tablet":{"background-color":"var(--ast-global-color-5)","background-image":"","background-repeat":"repeat","background-position":"center center","background-size":"auto","background-attachment":"scroll","background-type":"","background-media":"","overlay-type":"","overlay-color":"","overlay-opacity":"","overlay-gradient":""},"mobile":{"background-color":"var(--ast-global-color-5)","background-image":"","background-repeat":"repeat","background-position":"center center","background-size":"auto","background-attachment":"scroll","background-type":"","background-media":"","overlay-type":"","overlay-color":"","overlay-opacity":"","overlay-gradient":""}}},"product_brand":[],"product_cat":[18],"product_tag":[],"class_list":{"0":"post-481","1":"product","2":"type-product","3":"status-publish","4":"has-post-thumbnail","6":"product_cat-weine-075-liter-2024","7":"desktop-align-center","8":"tablet-align-left","9":"mobile-align-left","11":"first","12":"instock","13":"taxable","14":"shipping-taxable","15":"purchasable","16":"product-type-simple"},"aioseo_notices":[],"uagb_featured_image_src":{"full":["https:\/\/www.weinbau-birsak.at\/page\/wp-content\/uploads\/2023\/11\/DAC-Reserve.jpg",341,357,false],"thumbnail":["https:\/\/www.weinbau-birsak.at\/page\/wp-content\/uploads\/2023\/11\/DAC-Reserve-150x150.jpg",150,150,true],"medium":["https:\/\/www.weinbau-birsak.at\/page\/wp-content\/uploads\/2023\/11\/DAC-Reserve-287x300.jpg",287,300,true],"medium_large":["https:\/\/www.weinbau-birsak.at\/page\/wp-content\/uploads\/2023\/11\/DAC-Reserve.jpg",341,357,false],"large":["https:\/\/www.weinbau-birsak.at\/page\/wp-content\/uploads\/2023\/11\/DAC-Reserve.jpg",341,357,false],"1536x1536":["https:\/\/www.weinbau-birsak.at\/page\/wp-content\/uploads\/2023\/11\/DAC-Reserve.jpg",341,357,false],"2048x2048":["https:\/\/www.weinbau-birsak.at\/page\/wp-content\/uploads\/2023\/11\/DAC-Reserve.jpg",341,357,false],"woocommerce_thumbnail":["https:\/\/www.weinbau-birsak.at\/page\/wp-content\/uploads\/2023\/11\/DAC-Reserve-300x300.jpg",300,300,true],"woocommerce_single":["https:\/\/www.weinbau-birsak.at\/page\/wp-content\/uploads\/2023\/11\/DAC-Reserve.jpg",341,357,false],"woocommerce_gallery_thumbnail":["https:\/\/www.weinbau-birsak.at\/page\/wp-content\/uploads\/2023\/11\/DAC-Reserve-100x100.jpg",100,100,true]},"uagb_author_info":{"display_name":"admin","author_link":"https:\/\/www.weinbau-birsak.at\/page\/author\/"},"uagb_comment_info":0,"uagb_excerpt":"Alk. 13,0 % | S\u00e4ure 5,3 \u2030 | 4,2 g \/ l Zucker\u00a0\u00a0\u00a0\u00a0\u00a0 trocken, Farbe: gl\u00e4nzendes Gelb mit Silberreflexen Duft: reifer Golden Delicious, getrocknete Feigen, Heublumen Gaumen: elegant-fruchtig, Kr\u00e4uternoten begleiten die vielschichtigen Aromen, feine Mineralik Passt zu: Geschmortes Schulterscherzl mit R\u00f6stkartoffeln, Steak mit Grillgem\u00fcse, Ingwer-Kr\u00e4uterrisotto mit glasiertem Saibling","_links":{"self":[{"href":"https:\/\/www.weinbau-birsak.at\/page\/wp-json\/wp\/v2\/product\/481","targetHints":{"allow":["GET"]}}],"collection":[{"href":"https:\/\/www.weinbau-birsak.at\/page\/wp-json\/wp\/v2\/product"}],"about":[{"href":"https:\/\/www.weinbau-birsak.at\/page\/wp-json\/wp\/v2\/types\/product"}],"wp:featuredmedia":[{"embeddable":true,"href":"https:\/\/www.weinbau-birsak.at\/page\/wp-json\/wp\/v2\/media\/803"}],"wp:attachment":[{"href":"https:\/\/www.weinbau-birsak.at\/page\/wp-json\/wp\/v2\/media?parent=481"}],"wp:term":[{"taxonomy":"product_brand","embeddable":true,"href":"https:\/\/www.weinbau-birsak.at\/page\/wp-json\/wp\/v2\/product_brand?post=481"},{"taxonomy":"product_cat","embeddable":true,"href":"https:\/\/www.weinbau-birsak.at\/page\/wp-json\/wp\/v2\/product_cat?post=481"},{"taxonomy":"product_tag","embeddable":true,"href":"https:\/\/www.weinbau-birsak.at\/page\/wp-json\/wp\/v2\/product_tag?post=481"}],"curies":[{"name":"wp","href":"https:\/\/api.w.org\/{rel}","templated":true}]}}